{"id":625,"date":"2021-02-09T19:17:43","date_gmt":"2021-02-09T18:17:43","guid":{"rendered":"http:\/\/www.schottwien13.at\/?page_id=625"},"modified":"2021-10-23T17:32:53","modified_gmt":"2021-10-23T15:32:53","slug":"dsg-wien","status":"publish","type":"page","link":"http:\/\/www.schottwien13.at\/?page_id=625","title":{"rendered":"Geschichte"},"content":{"rendered":"\n<h1 class=\"wp-block-heading\"><span style=\"color:#15960e\" class=\"has-inline-color\"><\/span><strong>Die Geschichte der <span style=\"color:#ea0e28\" class=\"has-inline-color\">DSG Wien<\/span> und ihre Gr\u00fcndung als <span style=\"color:#1bbd13\" class=\"has-inline-color\">UKJ-Wien<\/span> im Juni 1949<\/strong><\/h1>\n\n\n\n<h2 class=\"wp-block-heading\">Am 3. Juni 1949 wurde mit Zustimmung der Di\u00f6zesanjugendstelle die UKJ-WIEN als Leichtathletikverein von den Br\u00fcdern <strong>Hubert<\/strong> und <strong>Rudolf Zeinar<\/strong> mitbegr\u00fcndet, <strong>Prof. Josef Weinand<\/strong> war <strong>Obmann.<\/strong><\/h2>\n\n\n\n<p>Neben seiner T\u00e4tigkeit f\u00fcr den Verein war <strong>Hubert Zeinar<\/strong> ein erfolgreicher Langstreckensportler, so war er <strong>1949 \u00d6sterreichischer Meister<\/strong> im Marathon.<\/p>\n\n\n\n<div class=\"wp-block-media-text alignwide is-stacked-on-mobile\"><figure class=\"wp-block-media-text__media\"><img loading=\"lazy\" decoding=\"async\" width=\"300\" height=\"212\" src=\"http:\/\/www.schottwien13.at\/wp-content\/uploads\/2021\/02\/hubert.jpg\" alt=\"\" class=\"wp-image-627 size-full\"\/><\/figure><div class=\"wp-block-media-text__content\">\n<p style=\"font-size:15px\"><strong>Hubert Zeinar mit der 7<\/strong><\/p>\n<\/div><\/div>\n\n\n\n<div class=\"wp-block-media-text alignwide is-stacked-on-mobile\"><figure class=\"wp-block-media-text__media\"><img loading=\"lazy\" decoding=\"async\" width=\"243\" height=\"320\" src=\"http:\/\/www.schottwien13.at\/wp-content\/uploads\/2021\/02\/hubert_80.jpg\" alt=\"\" class=\"wp-image-629 size-full\" srcset=\"http:\/\/www.schottwien13.at\/wp-content\/uploads\/2021\/02\/hubert_80.jpg 243w, http:\/\/www.schottwien13.at\/wp-content\/uploads\/2021\/02\/hubert_80-228x300.jpg 228w\" sizes=\"auto, (max-width: 243px) 100vw, 243px\" \/><\/figure><div class=\"wp-block-media-text__content\">\n<p style=\"font-size:15px\"><strong>Hubert Zeinar mit Gattin anl\u00e4sslich der Ehrung durch &#8222;seine&#8220; UKJ Athleten zum 80. Geburtstag auf der Marswiese  <\/strong><\/p>\n<\/div><\/div>\n\n\n\n<p>Erste sportliche Erfolge stellten sich bald ein. So gewannen <strong>UKJ-Jugendstaffeln<\/strong> von 1951 bis 1955 durchgehend den \u00f6sterreichischen 4x100m-Titel \u2013 1951 und 1952 noch als UNION Wien.<\/p>\n\n\n\n<p><strong>Am 17. Juni 1951 wurde die \u201eKatholische Jugend Union Wien\u201c (die heutige Di\u00f6zesansportgemeinschaft Wien \u2013 kurz DSG Wien) gegr\u00fcndet. Die UKJ-Wien schloss sich als Sektion Leichtathletik diesem Verein an.<\/strong><\/p>\n\n\n\n<p>Sommer 1953 trat der Verein \u201eKatholische Jugend Union Wien\u201c dem \u00d6sterreichischen Leichtathletikverband bei, sodass sich die Leichtathleten nun auch \u00f6sterreichweit messen konnten.<\/p>\n\n\n\n<div class=\"wp-block-media-text alignwide is-stacked-on-mobile\"><figure class=\"wp-block-media-text__media\"><img loading=\"lazy\" decoding=\"async\" width=\"264\" height=\"340\" src=\"http:\/\/www.schottwien13.at\/wp-content\/uploads\/2021\/02\/Vereinsabzeichen.jpg\" alt=\"\" class=\"wp-image-631 size-full\" srcset=\"http:\/\/www.schottwien13.at\/wp-content\/uploads\/2021\/02\/Vereinsabzeichen.jpg 264w, http:\/\/www.schottwien13.at\/wp-content\/uploads\/2021\/02\/Vereinsabzeichen-233x300.jpg 233w\" sizes=\"auto, (max-width: 264px) 100vw, 264px\" \/><\/figure><div class=\"wp-block-media-text__content\">\n<p style=\"font-size:15px\"><strong>Das Vereinsabzeichen in den 1950 er Jahren<\/strong><\/p>\n<\/div><\/div>\n\n\n\n<p>Schon in den 1950er Jahren stellten sich besondere internationale Erfolge von UKJ-Wien Leichtathleten ein:<\/p>\n\n\n\n<p><strong>Reinelde Knapp<\/strong> erzielte 1956 <strong>\u00d6sterr. Rekord im Weitsprung.<\/strong> Sie nahm im Hochsprung an den <strong>Olymp. Spiele 1956 in Melbourne<\/strong> und der <strong>EM 58 in Stockholm<\/strong> teil.<\/p>\n\n\n\n<p><strong>Klaus Gump, Richard Schwarzgruber, Walter Vogl, Norbert Staude wurden 1957 und 1958 \u00d6sterr. 4 x 100 m Staatsmeister. Richard Schwarzgruber nahm auch an der EM 1958 in Stockholm teil.<\/strong><\/p>\n\n\n\n<p><strong>Gerda Vogl <\/strong>wurde 1960 <strong>\u00d6sterr. Meisterin<\/strong> \u00fcber 200 m.<\/p>\n\n\n\n<p><strong>Helmut Donner<\/strong> war vielfacher \u00d6sterr. Meister, <strong>erster \u00d6sterreicher \u00fcber 2,00 m im Hochsprung<\/strong> und war langj\u00e4hriger Rekordhalter mit 2,03 m. Er nahm an der <strong>EM 1959<\/strong> und den <strong>Olympischen Spielen 1960 in Rom<\/strong> teil. Von 1994 bis 2000 war er auch <strong>Pr\u00e4sident des \u00d6LV<\/strong>.<\/p>\n\n\n\n<div class=\"wp-block-media-text alignwide is-stacked-on-mobile\"><figure class=\"wp-block-media-text__media\"><img loading=\"lazy\" decoding=\"async\" width=\"259\" height=\"194\" src=\"http:\/\/www.schottwien13.at\/wp-content\/uploads\/2021\/02\/donner.png\" alt=\"\" class=\"wp-image-633 size-full\"\/><\/figure><div class=\"wp-block-media-text__content\">\n<p style=\"font-size:15px\"><strong>Helmut Donner erster \u00d6sterreicher mit 2m im Hochsprung<\/strong><\/p>\n<\/div><\/div>\n\n\n\n<div class=\"wp-block-media-text alignwide is-stacked-on-mobile\"><figure class=\"wp-block-media-text__media\"><img loading=\"lazy\" decoding=\"async\" width=\"420\" height=\"336\" src=\"http:\/\/www.schottwien13.at\/wp-content\/uploads\/2021\/02\/donner2m.png\" alt=\"\" class=\"wp-image-637 size-full\" srcset=\"http:\/\/www.schottwien13.at\/wp-content\/uploads\/2021\/02\/donner2m.png 420w, http:\/\/www.schottwien13.at\/wp-content\/uploads\/2021\/02\/donner2m-300x240.png 300w\" sizes=\"auto, (max-width: 420px) 100vw, 420px\" \/><\/figure><div class=\"wp-block-media-text__content\">\n<p style=\"font-size:15px\"><strong>Bericht im KURIER<\/strong><\/p>\n<\/div><\/div>\n\n\n\n<p>Mit Stichtag 1. Mai 1967 war die UKJ-Wien Inhaberin von vier \u00d6sterreichischen und 8 Wiener Rekorden.<\/p>\n\n\n\n<p>Ab Mitte der 1960er-Jahre konzentrierte man sich im Verein eher auf die Langstrecken und das Nachwuchstraining.<\/p>\n\n\n\n<p>Die Verwaltung der Sportanlage Marswiese in Neuwaldegg wurde 1970 an die DSG Wien \u00fcbertragen und ist noch heute die Heimst\u00e4tte f\u00fcr den Nachwuchs unserer Leichtathleten.<\/p>\n\n\n\n<p>1969 kam <strong>Dr. Hubert Hein und Mario Volpe als Trainer<\/strong> zum Verein. Zahlreiche Spitzenathleten stie\u00dfen ebenfalls zur UKJ-Wien.<\/p>\n\n\n\n<p><strong>Josef Schostal<\/strong> bem\u00fchte sich in den 1960er Jahren als <strong>Sektionsleiter<\/strong> um den Verein.<\/p>\n\n\n\n<p>1979 verfasste<strong> Hubert Zeinar<\/strong> eine 30 Jahr-Gedenkschrift: <a href=\"http:\/\/www.schottwien13.at\/?page_id=769\" data-type=\"page\" data-id=\"769\">30 Jahre UKJ Leichtathletik.<\/a><\/p>\n\n\n\n<p>Im Jahr 1970 erreichten die UKJ-Wien Athleten bei der \u00d6sterr. Mannschaftsmeisterschaft \u2013 vergleichbar mit dem heutigen \u00d6LV-Cup \u2013 den dritten Platz und wurden im Wiener Cup \u00fcberlegener Sieger vor dem ULC Wildschek und der UKS, bei der Rudolf Zeinar die Geschicke lenkte.<\/p>\n\n\n\n<p><strong>Robert Ernst<\/strong> belegte bei der <strong>ersten Junioren-EM in Paris<\/strong> den 6. Platz \u00fcber 800m.<\/p>\n\n\n\n<p><strong>Gerald Weixelbaumer<\/strong> nahm im Weitsprung an der <strong>Hallen-EM<\/strong> und an der <strong>Universiade<\/strong> teil, ebenso <strong>Klaus Potsch<\/strong> \u00fcber 110m H\u00fcrden an der <strong>Universiade<\/strong>.<\/p>\n\n\n\n<p>Bis zum Jahr 1972 wurden auch wieder einige \u00f6sterreichische Meistertitel erobert.<\/p>\n\n\n\n<p>Mit Anfang der Siebziger Jahre begann die erfolgreiche Ultra-Langstrecken\u00e4ra der UKJ Wien:<\/p>\n\n\n\n<p>Elfriede Fendt 100 km 8:46,00 (1975 in Dillingen).<\/p>\n\n\n\n<p>Irmgard Schuster, Wilhelm Neshiba beide \u00fcber 100 km 8:51,00 (1978, Hirtenberg).<\/p>\n\n\n\n<p>Maria Herrmann, Dr. Herbert Mach-Weber (Vereinsrekord 100 km 8:14:21), Franz Krobath, Linda Siprelle waren weitere erfolgreiche Athleten auf den \u00fcberlangen Laufstrecken.<\/p>\n\n\n\n<p><strong>Nach seiner Pensionierung 1974 \u00fcbernahm Hubert Zeinar wieder die Leitung der Sektion. <\/strong>Schwerpunkt seiner T\u00e4tigkeit war weiterhin die Arbeit mit Kindern und den Nachwuchsathleten.<\/p>\n\n\n\n<p>Mit <strong>Maria Haupt<\/strong> (1984) und <strong>Ulrike Kotzina<\/strong> (1986) nahmen starke Nachwuchsathletinnen an der <strong>Gymnasiade<\/strong> teil.<\/p>\n\n\n\n<p><strong>Hubert Zeinar holte 1990 Herwig Gr\u00fcnsteidl als Trainer zur UKJ-Wien.<\/strong> Zun\u00e4chst arbeitete dieser mit Hans Heidenreich (Stabhochsprung, Zehnkampf), bald jedoch mit mehreren Mehrk\u00e4mpfern und Athleten in anderen Disziplinen.<\/p>\n\n\n\n<p><strong>Erster internationaler Starter<\/strong> in den <strong>1990<\/strong>er-Jahren war <strong>Martin Preyer<\/strong> bei den <strong>ersten EYOF <\/strong>in Belgien 1991 \u00fcber 110m H\u00fcrden. Er gewann auch <strong>H\u00fcrden-Silber <\/strong>bei den Internationalen Schulspielen.<\/p>\n\n\n\n<p>Vom Gymnasium der <strong>Erzdi\u00f6zese Wien in Sachsenbrunn<\/strong>, Gemeinde Kirchberg am Wechsel, starteten Sch\u00fcler immer wieder f\u00fcr die UKJ Wien bei WLV-Meisterschaften im Crosslauf. Initiator daf\u00fcr war <strong>Andreas Ranovsky<\/strong>, der 1974 dem sp\u00e4teren Sekret\u00e4r der DSG Wien, <strong>Hans G\u00e4rtner<\/strong>, als Turnlehrer gefolgt war. <strong>Andreas Ranovsky<\/strong> erinnert sich an eine sehr gute Zusammenarbeit mit <strong>Hubert Zeinar<\/strong>. Ab den fr\u00fchen 1980er Jahren stieg <strong>Josef Schwendt<\/strong> als Trainer f\u00fcr Sprint und technische Bewerbe ein. Zahlreiche Athletinnen und Athleten aus dieser Gruppe starten und starteten f\u00fcr die DSG Wien, wie z.B. <strong>Hallen-EM<\/strong> Teilnehmer <strong>Martin Steinbauer<\/strong> oder die <strong>U18-, U20-EM-Staffell\u00e4uferin und Siegerin \u00fcber 100 m<\/strong> bei den<strong> FISEC<\/strong> Spielen in Frankreich 2017 <strong>Kathi Mahlfleisch<\/strong>, <strong>Franz Pfneisl<\/strong> (Wiener 100m- und 200m-Meister), <strong>Stefan Gruber<\/strong> (mehrmaliger \u00f6sterr. Nachwuchsmeister; <strong>2,00m-Hochspringer<\/strong>), <strong>Dominik Hollendohner<\/strong> und viele andere mehr.<\/p>\n\n\n\n<div class=\"wp-block-media-text alignwide is-stacked-on-mobile\"><figure class=\"wp-block-media-text__media\"><img loading=\"lazy\" decoding=\"async\" width=\"256\" height=\"293\" src=\"http:\/\/www.schottwien13.at\/wp-content\/uploads\/2021\/02\/ukj-dress1990.png\" alt=\"\" class=\"wp-image-639 size-full\"\/><\/figure><div class=\"wp-block-media-text__content\">\n<p style=\"font-size:15px\"><strong>Gr\u00fcn, auch gr\u00fcn-wei\u00df waren die Dressen der UKJ &#8211; Peter Welkhammer mit Startnummer 149<\/strong> <\/p>\n<\/div><\/div>\n\n\n\n<p><strong>1994 kamen einige Athleten des ehemaligen ULC Wildschek und Trainer Karl Sander zur UKJ Wien.<\/strong><\/p>\n\n\n\n<p>In diesem Jahr konnten die M\u00e4nner erstmals seit 1970 wieder an der \u00d6sterr. Mannschaftsmeisterschaft teilnehmen. Seither ist der Verein jedes Jahr dabei. Einige Jahre sp\u00e4ter war auch das Damen-Team gro\u00df genug f\u00fcr eine Teilnahme. Highlight war der Sieg der M\u00e4nner im Jahr 2015.<\/p>\n\n\n\n<p><strong>Die Umbenennung der Sektion Leichtathletik von UKJ-Wien auf DSG Wien erfolgte im Jahr 2002.<\/strong><\/p>\n\n\n\n<p>Der Mitbegr\u00fcnder und langj\u00e4hrige Leiter der Leichtathleten <strong>Hubert Zeinar starb im Jahr 2003<\/strong> mit 90 Jahren. <\/p>\n\n\n\n<figure class=\"wp-block-image size-large\"><img loading=\"lazy\" decoding=\"async\" width=\"768\" height=\"1024\" src=\"http:\/\/www.schottwien13.at\/wp-content\/uploads\/2021\/03\/Hubert_Radl-768x1024.jpeg\" alt=\"\" class=\"wp-image-785\" srcset=\"http:\/\/www.schottwien13.at\/wp-content\/uploads\/2021\/03\/Hubert_Radl-768x1024.jpeg 768w, http:\/\/www.schottwien13.at\/wp-content\/uploads\/2021\/03\/Hubert_Radl-225x300.jpeg 225w, http:\/\/www.schottwien13.at\/wp-content\/uploads\/2021\/03\/Hubert_Radl-1152x1536.jpeg 1152w, http:\/\/www.schottwien13.at\/wp-content\/uploads\/2021\/03\/Hubert_Radl-1536x2048.jpeg 1536w, http:\/\/www.schottwien13.at\/wp-content\/uploads\/2021\/03\/Hubert_Radl-scaled.jpeg 1920w\" sizes=\"auto, (max-width: 768px) 100vw, 768px\" \/><\/figure>\n\n\n\n<p>Lange Strecken waren sein Inbegriff. Beim Laufen aber auch beim Radfahren. Noch im hohen Alter von \u00fcber 80 f\u00fcr er mehrmals die Woche von Wien nach Mautern.<\/p>\n\n\n\n<p>Einige Jahre vorher schon war Dkfm. Herbert Stockinger f\u00fcr kurze Zeit Sektionsleiter. Seit <strong>1998<\/strong> nimmt <strong>Mag. Karl Sander<\/strong> diese Position ein und <strong>Herwig Gr\u00fcnsteidl<\/strong> ist seither als sportlicher Leiter t\u00e4tig.<\/p>\n\n\n\n<div class=\"wp-block-media-text alignwide is-stacked-on-mobile\" style=\"grid-template-columns:85% auto\"><figure class=\"wp-block-media-text__media\"><img loading=\"lazy\" decoding=\"async\" width=\"734\" height=\"449\" src=\"http:\/\/www.schottwien13.at\/wp-content\/uploads\/2021\/02\/herwig-karl.jpg\" alt=\"\" class=\"wp-image-641 size-full\" srcset=\"http:\/\/www.schottwien13.at\/wp-content\/uploads\/2021\/02\/herwig-karl.jpg 734w, http:\/\/www.schottwien13.at\/wp-content\/uploads\/2021\/02\/herwig-karl-300x184.jpg 300w\" sizes=\"auto, (max-width: 734px) 100vw, 734px\" \/><\/figure><div class=\"wp-block-media-text__content\">\n<p class=\"has-large-font-size\"><\/p>\n<\/div><\/div>\n\n\n\n<p><strong>Seit 1998 f\u00fcr Vereinsf\u00fchrung verantwortlich: Herwig Gr\u00fcnsteidl, Karl Sander<\/strong><\/p>\n\n\n\n<h2 class=\"wp-block-heading\"><strong>Damals wurde auch die Farbe der Dressen auf <span style=\"color:#d0150b\" class=\"has-inline-color\">ROT<\/span> ge\u00e4ndert<\/strong><\/h2>\n\n\n\n<p>Ab 1999 qualifizierten sich insgesamt 34 DSG-Athletinnen und Athleten praktisch jedes Jahr f\u00fcr internationale Gro\u00dfereignisse:<\/p>\n\n\n\n<p>Die Hammerwerfer <strong>Julia, Benjamin und Jan Siart<\/strong> machten mit U18-WM, U20-EM, EYOF und Gymnasiade den Anfang. Dann folgten <strong>Victoria Schreibeis<\/strong> (3xEM, Team-EM, MK-EC), <strong>Martin Steinbauer <\/strong>(Hallen-EM, Studenten Cross-WM), <strong>Peter Rabensteiner<\/strong> (Cross-EM), <strong>Brigitte Gsch\u00f6pf <\/strong>(Studenten-CrossWM), <strong>Elisabeth Plazotta<\/strong> (MK-EC, Team-EM), <strong>Benjamin Grill <\/strong>(U20-EM, Team-EM), <strong>Alex Maie<\/strong>r (Geher-EC), <strong>Dominik Havor<\/strong> (EYOF), <strong>Christoph Sander <\/strong>(Universiade, Studenten Cross-WM, Cross-EM), <strong>Ekemini Bassey<\/strong> (Team-EM), <strong>Dominik Siedlaczek <\/strong>(U20-EM, Team-EM, Universiade), <strong>Ali Hofmann<\/strong> (Team-EM),<strong> Sebastian Kaiser <\/strong>(Team-EM), <strong>Verena Menapace<\/strong> (Team-EM), <strong>Stephan Listabarth<\/strong> (Cross-EM, Studenten Cross-WM), <strong>Savannah Mapalagama<\/strong> (U20-EM, U20-WM, U23-EM), <strong>Linda Thoms<\/strong> (Team-EM), <strong>Alexander Schirasi-Fard<\/strong> (Team-EM), <strong>Christian Smetana<\/strong> (Team-EM), <strong>Lena Ungerb\u00f6ck<\/strong> (U20-EM, Geher-EC), <strong>Sebastian Fischbach<\/strong> (U23-EM), <strong>Roland Fencl<\/strong> (Studenten Cross-WM, Cross-EM), <strong>Florian Domenig<\/strong> (U23-EM),<strong> Bernhard Obrecht<\/strong> (Cross-EM), <strong>Ekaterina Krasovskiy <\/strong>(Hallen-EM, Team-EM), <strong>Timon Theuer<\/strong> (Cross-EM, Studenten Cross-WM), <strong>Katharina Mahlfleisch<\/strong> (U18-EM, U20-EM, FISEC Siegerin), <strong>Sebastian Frey<\/strong> (U18-EM), <strong>Julia Mayer <\/strong>(Team-EM, Studenten Cross-WM), <strong>Sigrid Portenschlager<\/strong> (Team-EM), <strong>Markus Kornfeld <\/strong>(Team-EM).<\/p>\n\n\n\n<p>Dazu kommen noch zahlreiche Medaillengewinne der Mastersathleten bei Welt- und Europameisterschaften. In dieser Zeit stellten DSG Wien-Athleten auch zahlreiche \u00f6sterreichische Rekorde auf.<\/p>\n\n\n\n<p><strong>Seit Jahren dominiert die DSG Wien den WLV-Cup in allen Klassen. Im \u00d6LV-Cup platzierte sich die DSG seit 2010 immer unter den Top 3 Mannschaften<\/strong><\/p>\n\n\n\n<p>Insgesamt <strong>253 \u00f6sterreichische Meistertitel<\/strong> gewannen die DSG-Athleten und Athletinnen seit dem Jahr 2000.<\/p>\n\n\n\n<p>Derzeit (2019) verf\u00fcgt die <strong>DSG Wien<\/strong> \u00fcber <strong>16 Trainer bzw. \u00dcbungsleiter<\/strong>, die ca. <strong>180 Meisterschaftsathlete<\/strong>n (zumindest WLV-Meisterschaft) und <strong>50 Kinder<\/strong> betreuen.<\/p>\n\n\n\n<figure class=\"wp-block-image size-large\"><img loading=\"lazy\" decoding=\"async\" width=\"736\" height=\"274\" src=\"http:\/\/www.schottwien13.at\/wp-content\/uploads\/2021\/02\/puls-logo.jpg\" alt=\"\" class=\"wp-image-643\" srcset=\"http:\/\/www.schottwien13.at\/wp-content\/uploads\/2021\/02\/puls-logo.jpg 736w, http:\/\/www.schottwien13.at\/wp-content\/uploads\/2021\/02\/puls-logo-300x112.jpg 300w\" sizes=\"auto, (max-width: 736px) 100vw, 736px\" \/><\/figure>\n\n\n\n<p>Im <strong>Jubil\u00e4umsjahr 2019<\/strong> haben sich die Leichtathleten der DSG einen neuen \u00f6ffentlichen Auftritt verpasst: das moderne und auff\u00e4llige <strong>Puls-Logo<\/strong> in Verbindung mit dem traditionellen Rot der Dressen und die Spitzenleistungen der AthletInnen geben dem Verein eine neue \u00f6ffentliche Aufmerksamkeit.<\/p>\n\n\n\n<figure class=\"wp-block-image size-large\"><img loading=\"lazy\" decoding=\"async\" width=\"634\" height=\"423\" src=\"http:\/\/www.schottwien13.at\/wp-content\/uploads\/2021\/02\/logo.jpg\" alt=\"\" class=\"wp-image-645\" srcset=\"http:\/\/www.schottwien13.at\/wp-content\/uploads\/2021\/02\/logo.jpg 634w, http:\/\/www.schottwien13.at\/wp-content\/uploads\/2021\/02\/logo-300x200.jpg 300w\" sizes=\"auto, (max-width: 634px) 100vw, 634px\" \/><\/figure>\n\n\n\n<p>Auch 2019 konnte die DSG Wien 18 \u00d6sterreichische Meistertitel, 20 Silber- und 20 Bronzemedaillen erobern. Als leistungsst\u00e4rkster Wiener Verein wird das DSG-Team auch heuer wieder am dritten Platz im \u00d6LV-Cup sein.<\/p>\n\n\n\n<p><\/p>\n\n\n\n<pre class=\"wp-block-code\"><code><\/code><\/pre>\n","protected":false},"excerpt":{"rendered":"<p>Die Geschichte der DSG Wien und ihre Gr\u00fcndung als UKJ-Wien im Juni 1949 Am 3. Juni 1949 wurde mit Zustimmung der Di\u00f6zesanjugendstelle die UKJ-WIEN als Leichtathletikverein von den Br\u00fcdern Hubert und Rudolf Zeinar mitbegr\u00fcndet, Prof. Josef Weinand war Obmann. Neben seiner T\u00e4tigkeit f\u00fcr den Verein war Hubert Zeinar ein erfolgreicher Langstreckensportler, so war er 1949&hellip;&nbsp;<\/p>\n","protected":false},"author":1,"featured_media":0,"parent":0,"menu_order":0,"comment_status":"closed","ping_status":"closed","template":"","meta":{"neve_meta_sidebar":"","neve_meta_container":"","neve_meta_enable_content_width":"","neve_meta_content_width":0,"neve_meta_title_alignment":"","neve_meta_author_avatar":"","neve_post_elements_order":"","neve_meta_disable_header":"","neve_meta_disable_footer":"","neve_meta_disable_title":"","footnotes":""},"class_list":["post-625","page","type-page","status-publish","hentry"],"_links":{"self":[{"href":"http:\/\/www.schottwien13.at\/index.php?rest_route=\/wp\/v2\/pages\/625","targetHints":{"allow":["GET"]}}],"collection":[{"href":"http:\/\/www.schottwien13.at\/index.php?rest_route=\/wp\/v2\/pages"}],"about":[{"href":"http:\/\/www.schottwien13.at\/index.php?rest_route=\/wp\/v2\/types\/page"}],"author":[{"embeddable":true,"href":"http:\/\/www.schottwien13.at\/index.php?rest_route=\/wp\/v2\/users\/1"}],"replies":[{"embeddable":true,"href":"http:\/\/www.schottwien13.at\/index.php?rest_route=%2Fwp%2Fv2%2Fcomments&post=625"}],"version-history":[{"count":33,"href":"http:\/\/www.schottwien13.at\/index.php?rest_route=\/wp\/v2\/pages\/625\/revisions"}],"predecessor-version":[{"id":953,"href":"http:\/\/www.schottwien13.at\/index.php?rest_route=\/wp\/v2\/pages\/625\/revisions\/953"}],"wp:attachment":[{"href":"http:\/\/www.schottwien13.at\/index.php?rest_route=%2Fwp%2Fv2%2Fmedia&parent=625"}],"curies":[{"name":"wp","href":"https:\/\/api.w.org\/{rel}","templated":true}]}}